?
7
Let x(r) = -13*r**3 + 17 + 6 + 3*r**2 - 2*r**3 + r - 6. Let z(u) = 7*u**3 - 2*u**2 - 8. Let s(k) = 6*x(k) + 13*z(k). Give s(7).
-9
Let p be (-12)/9*6/4. Let j(r) = r**2 - 6*r + 9. Let v be j(5). Let h(s) = s**2 + s - 5. Let g(k) = 4. Let w(i) = v*g(i) + 3*h(i). Determine w(p).
7
Let w(u) = -6*u + 6. Let t(v) = -5*v - 39. Let b be t(-9). Let n be 10/((-21)/b*12/(-21)). What is w(n)?
-24
Let d(x) = x - 6. Let j(h) = 1. Let k(c) = d(c) + 6*j(c). Let o be 2/(-8) - (-162)/(-24). Calculate k(o).
-7
Let y be (-3)/4 - (-136)/(-32). Suppose 5*c - 2*o - 25 - 1 = 0, 0 = 2*c - 2*o - 8. Let h(r) = -6*r**2 + r**2 + c*r**2 - 4 + 5*r. Give h(y).
-4
Let k(g) be the third derivative of g**5/60 - g**4/24 - g**3/2 + 678*g**2. What is k(-2)?
3
Let p(l) = 14*l**2 - 34*l + 22. Let j(m) = 5*m**2 - 13*m + 8. Let x(g) = 11*j(g) - 4*p(g). Let o = 0 - 5. Calculate x(o).
10
Let c(r) = -8*r**3 + r**2. Let k(q) = -q**3 + 15*q**2 + 11*q + 81. Let l be k(16). Give c(l).
-7
Let p(u) = u**2 - 4*u + 6. Let m(r) = -4*r**2 + 13*r - 19. Let n(o) = -2*m(o) - 7*p(o). Suppose t + 2 + 4 = 2*x, x = -t + 9. Calculate n(x).
31
Suppose -8*n + 12 = -2*n. Let a(p) = p**n + 0*p + 1 - 3*p - 1 + 3. Calculate a(4).
7
Let p(z) = -z**2. Let y(c) = 3*c**2 + 3*c - 3. Let i(t) = -5*p(t) - y(t). What is i(2)?
5
Let d(s) be the first derivative of -7*s**3/3 + 15*s**2/2 + 2*s - 19. Let t(c) = 3*c**2 - 7*c - 1. Let m(o) = 4*d(o) + 9*t(o). Let h = -13 - -9. What is m(h)?
-5
Let i(z) = z**2 - 3*z + 3. Suppose -1 = -6*r + 17. Give i(r).
3
Suppose 6*s + 7*s = -130. Let o(i) = -i**2 - 11*i - 13. Calculate o(s).
-3
Let v(x) = -x**3 - x - 6. Let q be v(0). Let h(y) be the second derivative of -1/6*y**3 + 0 - 4*y**2 + 19*y. Determine h(q).
-2
Let p(a) = -a + 6. Let r(m) = -3*m + 14. Let v be r(3). Give p(v).
1
Let z = 3 + -3. Let m(u) = 11*u + 6. Let v(a) = 8*a + 11. Let d(g) = 3*m(g) - 4*v(g). Give d(z).
-26
Let o(b) = b**3 + 19*b**2 - b - 18. Let w be o(-19). Let q(x) = -x**3 + 7*x**2 - 8 + w - 4*x + 5. Give q(6).
10
Let j(b) be the first derivative of b**3/3 - 2*b**2 - 2*b - 759. Let f be (15 - 0) + (3 - 3). Suppose -u = -6*u - f. What is j(u)?
19
Let x(g) = -g + 13. Suppose -4*m = -3*l - 16 - 26, m + l - 7 = 0. Determine x(m).
4
Let j be 0 - 2 - (-8)/4. Suppose 5*a - 3*c - 11 = 0, 5*c + j = -a - 9. Let z(n) = 16*n. What is z(a)?
16
Let f(r) = -r**2 - 1 + 1613*r - 1595*r - 2. What is f(18)?
-3
Let j(l) be the third derivative of -l**6/120 - 3*l**3/2 - 4*l**2 + 7*l. Determine j(0).
-9
Let f(j) = -4*j + 19. Let x be (-1 + -5)*(100/(-15) + 6). Determine f(x).
3
Let t(w) = 18*w - 4. Let a(z) = 10*z - 2. Let h(r) = -7*a(r) + 4*t(r). What is h(7)?
12
Let m(p) = -2*p + 1. Let n be 3/1*(-3)/9. Let w be m(n). Let x(k) = -k - 2*k - k**2 + 7*k - k - w. Give x(4).
-7
Let s(t) be the first derivative of -t**3/3 - 7*t**2/2 + 7*t - 1. Let u be s(-7). Let m(b) = 6*b + u + 0*b - 7*b. Determine m(5).
2
Let t(f) = 10*f + 4. Let n be t(-3). Let d = -25 - n. Let v(r) = 15*r. Determine v(d).
15
Suppose 0 = -9*r + 5*r - 16. Let l = 8 + r. Let i(s) = s**2 - 8*s - 5. Let h(o) = -o - 1. Let z(d) = -3*h(d) + i(d). What is z(l)?
-6
Let d(v) = 3*v + 2. Let m(f) = f**3 + 11*f**2 + 29*f - 1. Let g be m(-6). What is d(g)?
17
Let p(x) = x - 2. Let t(a) = -a**2 + 11*a - 16. Let u(n) = 6*p(n) - t(n). Calculate u(3).
-2
Let x(c) = c**3 - 12*c**2 - 7. Let y = 72 + -60. Calculate x(y).
-7
Let s(k) = k + k**2 - 2*k + 3 + 3*k. Let c be s(-2). Let h(r) be the first derivative of r**4/4 - 4*r**3/3 + 5*r**2/2 - 4*r - 13. Calculate h(c).
2
Let q(v) = -31*v + 32*v - 1 - 2. Let s(f) = -4*f + 13. Let h(y) = -9*q(y) - 2*s(y). Let c(z) = -z. Let n(i) = c(i) - 3*h(i). Give n(5).
7
Let u(g) = -2*g + 21. Let v be ((-8)/44)/(15/(-1155)). Calculate u(v).
-7
Let u be -33*(-5)/3 + 4. Let j(o) = 0 + 60*o - u*o + 3 + 4. Determine j(-5).
2
Let s be 25/15 - (-1)/3. Let d(j) = 0*j + s*j - 3*j + 0*j**3 + 5*j**3. Suppose 0*h + h + 6 = -4*z, z - 5*h - 9 = 0. Calculate d(z).
-4
Let g(q) = q + 1. Let z(d) = -d**2 - 2*d + 4. Let n be z(-3). Let u(i) = 4*i - 9. Let a(l) = n*u(l) - 3*g(l). Let p be 56/10 - (391/85 + -5). Determine a(p).
-6
Let l be 56/(-6)*21/14. Let h be (2 - -1) + l + 18/3. Let v(n) = -n**2 - 6*n - 1. Calculate v(h).
4
Let k(c) = c**3 + 4*c**2 - 5*c + 4. Let d(f) = -f**3 + f**2 - 5. Let s be d(0). Let l be k(s). Let u(r) = r**2 - 5*r + 6. Calculate u(l).
2
Let b(i) be the third derivative of i**6/8 + i**5/30 + i**4/24 - 151*i**2. What is b(-1)?
-14
Suppose 0 = -9*s + 530 - 539. Let z(b) = 31*b**2 - b. What is z(s)?
32
Let d(w) = w + 4. Suppose 607*y = 604*y. Calculate d(y).
4
Let b(j) = -19*j + 43. Let p(t) = 9*t - 20. Let g(y) = 4*b(y) + 9*p(y). Determine g(5).
17
Let j(c) = -c**3 - 8*c**2 - 7*c - 2. Let o be j(-7). Let d(a) be the third derivative of a**4/24 + a**3/3 - 7*a**2. Determine d(o).
0
Suppose 4*l = -2*i - 3*i - 21, 9 = -l - 2*i. Let v(u) = 10*u**3 - 2*u**2 + 1. Give v(l).
9
Let i(l) = -l**2 + 3*l + 1. Let q(f) = f**3 - 12*f**2 - 33*f - 2. Let a(t) = -5*i(t) - q(t). Give a(18).
-3
Let g(u) = -3*u**2 - 6*u - 6. Let h(s) = -7*s**2 - 13*s - 13. Let x(n) = 9*g(n) - 4*h(n). Let q be 85/34*(-16)/20. Calculate x(q).
6
Let c(z) = 1. Let x(w) = -2*w + 3. Let d(s) = -s**2 + 2*s + 6. Suppose 5 = 2*r - 3. Let i be d(r). Let v(k) = i*c(k) + x(k). What is v(-2)?
5
Let w(p) = 4*p - 12 - 3*p - 2*p. Let s be -8 + (23 + -4 - 4) + -7. Give w(s).
-12
Let f = -24 + 40. Let p(v) = v**2 - 17*v + 16. What is p(f)?
0
Suppose -13*l - 85 = -137. Let a(g) = 0 - g - 5 + 3. What is a(l)?
-6
Let k(f) = -f**2 - 4*f. Let m be 1/(-1)*(-45)/(-15). Give k(m).
3
Let x be 12/10*10/2. Let k(r) = r**3 + 7*r**2 - 14*r + 10. Let f(u) = 4*u**3 + 21*u**2 - 45*u + 32. Let y(z) = -2*f(z) + 7*k(z). Give y(x).
-6
Let w(p) = -p**2 - 10*p - 10. Suppose -61 = 3*g - 31. Calculate w(g).
-10
Let t(n) = -20*n**3 - 14*n**2 + 20*n - 385. Let a(q) = -7*q**3 - 5*q**2 + 7*q - 136. Let d(u) = -17*a(u) + 6*t(u). Let s(x) = -x - 2. Let v be s(-2). Give d(v).
2
Let b(h) = h + 8. Let w be b(-6). Let d(r) = -9 + 7*r - r**w - 6*r**2 + 2 + 0*r - r**3. Calculate d(-8).
1
Let d be (0 - (-15)/(-6))*6. Let n = d - -16. Let c(q) = 4*q**2 + 3*q + 8. Let k(r) = r**2 + r + 3. Let u(s) = 3*c(s) - 8*k(s). Determine u(n).
5
Suppose 374*f - 240 = 414*f. Let p(j) = -j**2 - 2*j + 5. Give p(f).
-19
Let i be (-2)/5 - (-96)/15. Let k(f) = -3*f - 1. Let a(t) = -t - 177 + 85 + 92. Let q(h) = 2*a(h) - k(h). Calculate q(i).
7
Let y(f) = -f - 8. Let s(m) = m**3 + 15*m**2 - 15*m + 12. Let j be s(-16). Let p = -14 - j. Determine y(p).
2
Let j(s) = -2*s + 43. Let o be j(-6). Let n be (-11)/o - 46/(-5). Let l(r) = r**2 - 11*r + 11. Determine l(n).
-7
Let b(x) = -3*x**3 - 10*x + 3. Let t(q) = 7*q**3 + q**2 + 23*q - 6. Let r(v) = -5*b(v) - 2*t(v). Determine r(2).
5
Suppose 7*y = 4*y + 45. Let z = y - 13. Let l(c) = -3 - 3*c - 1 - 2 - c**z + 3. Determine l(-3).
-3
Let p be (-1 - (-2 - -2)) + -4. Let a(z) = z**3 + z + 1. Let k(c) = 5*c**3 - 6*c**2 + 5*c + 13. Let n(r) = -6*a(r) + k(r). What is n(p)?
-13
Let v be -5 + (-105)/(-25) + (-1)/5. Let y(p) = -4*p**3 - p**2 - p - 1. Give y(v).
3
Let c(v) = v**2 + 7*v. Suppose -2*b + 4 = -0. Suppose -3*x - 30 = 3*h + h, -b = 2*h - 5*x. Calculate c(h).
-6
Let q(a) be the first derivative of -a**5/60 + a**4/24 + 2*a**3 - 11. Let s(m) be the third derivative of q(m). Determine s(4).
-7
Let v(w) = -9*w - 2. Suppose 5*d + 21 = 8*d. Let o(p) = 10*p + 2. Let x(k) = d*v(k) + 6*o(k). Determine x(-2).
4
Let i(h) be the third derivative of -h**8/20160 - h**7/1260 + h**6/360 - h**5/5 - 15*h**2. Let c(j) be the third derivative of i(j). Calculate c(-4).
2
Let a(c) = -c - 2. Suppose -2*s = -3*r - 2, -2*r = -3*r + 5*s - 18. Suppose r*i = -i - 12. Calculate a(i).
2
Let z = -258 - -259. Let r(a) be the first derivative of 7*a**2/2 + a + 2. What is r(z)?
8
Let v be (2 + -2)/(-1 - -2). Suppose -14*z + 289 = -47. Suppose v = -q - 5*q + z. Let p(o) = o**2 - 6*o + 2. Determine p(q).
-6
Let j(k) = k**3 - 8*k**2 + 6*k + 10. Suppose -76 = -12*b + 8. What is j(b)?
3
Let w = 72 - 78. Let v(a) be the second derivative of a**6/120 + a**5/10 + a**3/6 + 3*a**2/2 - a. Let n(u) be the first derivative of v(u). Give n(w).
1
Let y = 1576 + -18911/12. Let s(v) be the third derivative of 0*v + 0 - v**2 + 1/6*v**3 - 1/30*v**5 - y*v